What are the prime factors of v?
2, 41
Let j be ((-670)/(-30))/((-2)/(-12)). Let f = -88 + j. List the prime factors of f.
2, 23
Suppose -i = -2*i. List the prime factors of (i + 2)*(-5 - 3)*-5.
2, 5
Suppose -i + 16 = -1. Let v = i - -2. Suppose -135 = -4*d - v. List the prime factors of d.
29
Let c = 23 + -14. Suppose -4*g - 340 = -c*g. What are the prime factors of g?
2, 17
Let p(y) = y - 11. Let z be p(16). Suppose 2*s = 85 - z. Let i = -20 + s. List the prime factors of i.
2, 5
Suppose 0*t - t = 0. Suppose 0 = 4*w, q + 4*w - 760 = 6*q. List the prime factors of (t - 1)/(4/q).
2, 19
Let w(n) = -3*n**3 - 14*n**2 - 37*n - 67. What are the prime factors of w(-13)?
4639
Let y(q) = -3*q - 5. Suppose -5*x - 9 - 6 = 0. Let v be y(x). Suppose -5*g + 119 + 7 = -f, v*g - f - 101 = 0. List the prime factors of g.
5
Let x(y) = -3*y + 2. Let v be x(4). Let i = 2 + v. Let c(u) = u**2 + 5*u. What are the prime factors of c(i)?
2, 3
Let t(p) = -p**3 - 10*p**2 - 2*p + 5. Let z = -39 - -29. List the prime factors of t(z).
5
Let x be 2/7 - (-6)/(-21). Suppose 15 = 5*a + 5*f, -f + 5*f + 4 = x. Suppose 5*z = -5*q + 280, -a*z - 107 = -2*q - z. What are the prime factors of q?
5, 11
Let r(c) = -c. Let l be r(-6). Let p = l - -74. Suppose b + p = 6*b. List the prime factors of b.
2
Let m = -12 - -5. Let t be 0 - m - (-2 - -1). Suppose 0 = 2*d - 10, 0 = -y + d + 24 - t. List the prime factors of y.
3, 7
What are the prime factors of (-9836)/(-8) - 8/(128/56)?
2, 613
Let k(n) = -n**3 - 6*n**2 + 2*n - 9. Let r be 4/10 - (-12)/(-30). Suppose 14 = -2*v - r. List the prime factors of k(v).
2, 13
Suppose -5*r + 721 = -3*g, 4*r = -11*g + 12*g + 574. List the prime factors of r.
11, 13
Let a be 120/(-45)*4/((-16)/6). Let x(o) = 5*o**3 - 9*o**2 + 2*o - 2. List the prime factors of x(a).
2, 7, 13
Let f(j) = 5*j**2 + j. Let s be f(-1). Suppose s*a = -5*a + 765. What are the prime factors of a?
5, 17
Let i(b) = -28 + 3 - b**3 + 12*b**2 + 11 + 16*b. Let r = -4 - -17. What are the prime factors of i(r)?
5
Let m be (463/4 - -5) + 3/(-4). Suppose -3*p + 372 = m. What are the prime factors of p?
2, 3, 7
Let c = -112 - -262. Let j = c - -48. What are the prime factors of j?
2, 3, 11
Suppose 18 = b - 0*b. Let u(g) = g**3 + 2*g**2 - 2*g - 3. Let j be u(-3). Let t = j + b. List the prime factors of t.
2, 3
Let t = 32 - 28. Let z be (-15)/(-6) + 2/t. Suppose 22 + 8 = z*u. List the prime factors of u.
2, 5
Suppose 5*h + u + 2*u - 20 = 0, -2*h = 4*u + 6. Let c(q) = 7*q + 10 + 13*q**3 + 2*q**2 - 14*q**3 + 4*q**2. List the prime factors of c(h).
2, 5
Let b(c) = -8*c - 8. Let o be b(-5). Suppose q + 3*m - 15 = 0, -o + 9 = -2*q + m. Suppose q*k - 385 = 5*k. List the prime factors of k.
5, 11
Let l(n) = -n - 6. Let c be l(-9). Suppose -2*o + 4*h = -118, -2*o + 5*h + c = -113. List the prime factors of o.
3, 7
Let g(b) = 2*b**2 + 6*b. Let i be g(-5). Suppose 5*c + i - 65 = 5*f, 2*c - 13 = f. Suppose c*u = 48 + 108. What are the prime factors of u?
3, 13
Let m(c) = 23*c - 28. What are the prime factors of m(14)?
2, 3, 7
Let k be ((-4)/14)/(15/(-105)). What are the prime factors of 157 - -1 - (-3 + k)?
3, 53
Suppose -602 = -k + 4*i + 151, 0 = 5*i - 10. What are the prime factors of k?
761
Suppose 0 = -3*w + 7*w - 8. Let a(u) = u**2 - u + 1. List the prime factors of a(w).
3
Let w(x) = -x**2 - 3*x + 5. Let z be w(-6). Let q = z + 13. Suppose -k = q, 2*a - 2*k = 10 + 14. What are the prime factors of a?
2, 3
Suppose -4*s - 4*s = 2104. Let b = -145 - s. What are the prime factors of b?
2, 59
What are the prime factors of ((-4)/(-6))/((-17)/(-11373))?
2, 223
Suppose -18*c + 21*c - 1173 = 0. List the prime factors of c.
17, 23
Let l = -59 - -34. List the prime factors of 766/10 + (-10)/l.
7, 11
Let u = 80 + -133. Let s = u + 74. List the prime factors of s.
3, 7
Let j(k) = -5*k - 3. Suppose -4*t - 17 = -5. Let u be j(t). List the prime factors of 44/u - 6/9.
3
Suppose -35*g + 39*g = 1156. List the prime factors of g.
17
Let j(f) = f**2 - 3*f + 3. Let y be j(3). Suppose 0 = 3*m - m - 5*k - 237, -4*k - 352 = -y*m. What are the prime factors of m?
2, 29
Let z = 99 - 96. Suppose -48 = z*a - 750. List the prime factors of a.
2, 3, 13
Suppose 2*g = -22 + 490. What are the prime factors of g?
2, 3, 13
Suppose 74*j - 54*j - 26480 = 0. List the prime factors of j.
2, 331
Let f(h) = -5*h**3 - 9*h**2 - 28*h - 92. What are the prime factors of f(-6)?
2, 13
Let t(v) = 2*v**3 - 2*v**2 + v + 1. Let m be t(1). Suppose 99 - 9 = m*i. Suppose -4*q = -i - 23. List the prime factors of q.
17
Let h be (-2 + 25)/((-3)/(-30)). Let b = h + -145. List the prime factors of b.
5, 17
Suppose -v - v - 6 = 0, 5*w - v = 1753. Suppose 3*i - w = -5*b, 6*b - 4*i + 87 = 7*b. List the prime factors of b.
67
Let i = -59 + 125. Suppose -g + i = 2*g. What are the prime factors of g?
2, 11
Suppose -5*b + 10579 = 4*r, 2424 = b - 3*r + 312. List the prime factors of b.
3, 5, 47
Let j(d) be the second derivative of -1/20*d**5 - 1/2*d**3 + 1/2*d**2 + 2*d + 0 - 1/3*d**4. List the prime factors of j(-4).
13
Suppose -4*g = -18 + 6. Suppose 3*v - 201 = g*f, 2*v + 3*f = -f + 110. List the prime factors of v.
3, 7
Suppose -2*i - 22 = -4*i. Suppose 4*b = -i + 67. What are the prime factors of b?
2, 7
Let c(o) = o**3 - 10*o**2 + 21*o - 22. Let g be c(12). Suppose 0 = -5*i + 97 + g. List the prime factors of i.
3, 41
Let x be -1 + 2 - (6 - 5). Suppose x = -r - 3*r. What are the prime factors of 19 - 7 - (-3 - r)?
3, 5
Let z = 19 + 15. What are the prime factors of (-122)/(-18) + z/153?
7
Let j = 424 - 255. What are the prime factors of j?
13
Suppose k = -2*k - 3. Let t = -9 - k. Let i(z) = -z**2 - 12*z - 3. List the prime factors of i(t).
29
Let x = -32 - 13. Let o be 4/(-5)*(-45)/(-2). Let i = o - x. List the prime factors of i.
3
Suppose g + 20 = -3*y + 6*g, 0 = 3*g - 3. Let l(k) = 3 + 8 + 63*k - 68*k. List the prime factors of l(y).
2, 3
Let i(n) = 7*n**2 - 19*n - 186. What are the prime factors of i(-15)?
2, 3, 31
Let b be (-16)/4 + 7/1. Suppose -b*s = -m - 2*m - 165, -4*s - 2*m + 250 = 0. What are the prime factors of s?
2, 3, 5
Suppose -5*k + 2*k = a - 23, 3*k + 57 = 3*a. Let m = -37 + a. What are the prime factors of m + 14 + (45 - 0)?
2, 3, 7
Suppose -2*y + 109 = 103. List the prime factors of (2 + -284)*(-2)/y.
2, 47
Let k = -224 - -318. Suppose 6*v + 4 = k. List the prime factors of v.
3, 5
Let d be (-1*6 + 0)/(-2) - -1. Suppose -107 = -d*h + 97. What are the prime factors of h?
3, 17
Let p(y) = 14*y**2 + 20*y - 4. Let j be p(-5). Suppose u + 626 = 4*t - 367, t - j = u. List the prime factors of t.
3, 83
Let u(m) = m**3 - 11*m**2 + 3*m - 7. Suppose 2*v + 2 = 12. Suppose v*q - 64 = 3*l, 4*q + 3*l - 32 = -l. What are the prime factors of u(q)?
2, 13
Let m = -33 - -35. Suppose -5 = m*w - 7. List the prime factors of (11 - w)*(-6)/(-3).
2, 5
Let g(l) = 2*l**3. Let i be g(1). Suppose 3*m - 2*j = -i*m + 259, -206 = -4*m + j. Let t = -26 + m. What are the prime factors of t?
5
What are the prime factors of 1818/10 + 200/(-250)?
181
Suppose 4*q - m = 2527, 0*m + m + 1263 = 2*q. What are the prime factors of q?
2, 79
Let u = 1554 + -165. List the prime factors of u.
3, 463
Suppose 4*i - 15 = 5*z, -2*i + i + 3*z = -2. Suppose a + 4*a = -2*u + 32, i*u - 4*a - 113 = 0. List the prime factors of u.
3, 7
Let b = 20 - 13. Suppose -3*v + 7 = -5. Let x = b - v. What are the prime factors of x?
3
Let a be 12/18 + 560/6 + -2. Suppose -3*g + 392 - a = 0. List the prime factors of g.
2, 5
Let a(p) = -2*p**2 - 7*p - 4. Let n be a(-6). Let y = n + 58. Suppose -o + y = 1. What are the prime factors of o?
23
Let o be ((-21)/14)/((-2)/4) + 1. Suppose -2*u = -5*y + 465, 2*y - 5*u = -o*u + 185. List the prime factors of y.
5, 19
Let u = 11 + -11. Let v be (2 - u) + 116 + -3. Suppose v = -7*o + 12*o. List the prime factors of o.
23
Suppose 8*s - 3*s - 15 = 0. Let g = 0 + s. Suppose -g*l + 70 = 2*l. List the prime factors of l.
2, 7
Let c(z) be the second derivative of 17*z**3/2 + 21*z**2/2 + 19*z. What are the prime factors of c(3)?
2, 3, 29
Let n(v) = -23*v - 97. List the prime factors of n(-33).
2, 331
Let v be 40/(-220) - (-46)/11. Let b be 0/(1/1 - v). Suppose 0 = 5*j - 4*c - c - 185, b = -j - 5*c + 55. List the prime factors of j.
2, 5
Let n = -249 + 572. What ar